{"id":41,"date":"2024-11-11T23:57:04","date_gmt":"2024-11-11T22:57:04","guid":{"rendered":"http:\/\/stvincent-assieu.fr\/?page_id=41"},"modified":"2025-09-16T23:22:29","modified_gmt":"2025-09-16T21:22:29","slug":"degustation-seance-decouverte","status":"publish","type":"page","link":"https:\/\/stvincent-assieu.fr\/?page_id=41","title":{"rendered":"S\u00e9ances d\u00e9couvertes"},"content":{"rendered":"\n<div class=\"wp-block-group alignfull has-accent-2-background-color has-background has-global-padding is-layout-constrained wp-container-core-group-is-layout-0cb8214e wp-block-group-is-layout-constrained\" style=\"margin-top:0;margin-bottom:0;padding-top:var(--wp--preset--spacing--30);padding-right:var(--wp--preset--spacing--50);padding-bottom:var(--wp--preset--spacing--30);padding-left:var(--wp--preset--spacing--50)\">\n<div class=\"wp-block-columns alignwide is-layout-flex wp-container-core-columns-is-layout-3a88641f wp-block-columns-is-layout-flex\">\n<div class=\"wp-block-column is-layout-flow wp-block-column-is-layout-flow\" style=\"flex-basis:40%\">\n<p class=\"wp-container-content-0733e5d0 wp-block-paragraph\">TH\u00c8MES ABORD\u00c9S<\/p>\n<\/div>\n\n\n\n<div class=\"wp-block-column is-layout-flow wp-block-column-is-layout-flow\" style=\"flex-basis:60%\">\n<ul class=\"wp-block-list\">\n<li><strong>28\/10\/2025 :&nbsp;<\/strong>Chablis, Coulanges la Vineuse et Irancy&nbsp;<\/li>\n\n\n\n<li><strong>28\/01\/2026 :\u00a0<\/strong>Le vin de Porto et\u00a0tr\u00e9sors\u00a0du Portugal par C\u00e9cile<\/li>\n\n\n\n<li><strong>25\/02\/2026 :&nbsp;<\/strong>6 fromages, 6 vins<\/li>\n\n\n\n<li><strong>25\/03\/2026 :\u00a0<\/strong>Argentine et vins d\u2019altitude<\/li>\n\n\n\n<li><strong>29\/04\/2026 :&nbsp;<\/strong>D\u00e9couvrir des p\u00e9pites \u00e0 petit prix<\/li>\n\n\n\n<li><strong>27\/05\/2026 :&nbsp;<\/strong>Approche des vins Espagnols et tapas<\/li>\n<\/ul>\n<\/div>\n<\/div>\n\n\n\n<div style=\"height:var(--wp--preset--spacing--40)\" aria-hidden=\"true\" class=\"wp-block-spacer\"><\/div>\n\n\n\n<figure class=\"wp-block-image alignwide size-full is-style-rounded is-style-rounded--1\"><img loading=\"lazy\" decoding=\"async\" width=\"1024\" height=\"768\" src=\"http:\/\/stvincent-assieu.fr\/wp-content\/uploads\/2024\/11\/D96F4856-C1B0-4B22-A09F-85579970E0ED_1_105_c.jpeg\" alt=\"\" class=\"wp-image-42\" srcset=\"https:\/\/stvincent-assieu.fr\/wp-content\/uploads\/2024\/11\/D96F4856-C1B0-4B22-A09F-85579970E0ED_1_105_c.jpeg 1024w, https:\/\/stvincent-assieu.fr\/wp-content\/uploads\/2024\/11\/D96F4856-C1B0-4B22-A09F-85579970E0ED_1_105_c-300x225.jpeg 300w, https:\/\/stvincent-assieu.fr\/wp-content\/uploads\/2024\/11\/D96F4856-C1B0-4B22-A09F-85579970E0ED_1_105_c-768x576.jpeg 768w\" sizes=\"auto, (max-width: 1024px) 100vw, 1024px\" \/><\/figure>\n<\/div>\n\n\n\n<div class=\"wp-block-group alignfull has-base-background-color has-background has-medium-font-size has-global-padding is-layout-constrained wp-container-core-group-is-layout-626a3be0 wp-block-group-is-layout-constrained\" style=\"margin-top:0;margin-bottom:0;padding-top:var(--wp--preset--spacing--10);padding-right:var(--wp--preset--spacing--10);padding-bottom:var(--wp--preset--spacing--10);padding-left:var(--wp--preset--spacing--10)\">\n<div class=\"wp-block-columns alignwide is-layout-flex wp-container-core-columns-is-layout-ef10d34a wp-block-columns-is-layout-flex\">\n<div class=\"wp-block-column is-vertically-aligned-stretch has-global-padding is-content-justification-left is-layout-constrained wp-container-core-column-is-layout-fbd00b99 wp-block-column-is-layout-constrained\" style=\"flex-basis:40%\">\n<blockquote class=\"wp-block-quote is-layout-flow wp-block-quote-is-layout-flow\">\n<p class=\"wp-block-paragraph\">Vous choisissez le th\u00e8me qui vous plait !<\/p>\n<\/blockquote>\n\n\n\n<div class=\"wp-block-columns is-layout-flex wp-container-core-columns-is-layout-3a88641f wp-block-columns-is-layout-flex\">\n<div class=\"wp-block-column is-layout-flow wp-block-column-is-layout-flow\"><\/div>\n\n\n\n<div class=\"wp-block-column is-layout-flow wp-block-column-is-layout-flow\"><\/div>\n<\/div>\n<\/div>\n\n\n\n<div class=\"wp-block-column is-layout-flow wp-block-column-is-layout-flow\">\n<p class=\"wp-block-paragraph\"><\/p>\n\n\n\n<p class=\"has-base-2-color has-contrast-2-background-color has-text-color has-background has-link-color wp-elements-bf2041b92bffe87ce217c54449f74621 wp-block-paragraph\"><strong>Vous vous inscrivez sur :<\/strong><\/p>\n\n\n\n<div class=\"wp-block-buttons is-layout-flex wp-block-buttons-is-layout-flex\">\n<div class=\"wp-block-button is-style-fill\"><a class=\"wp-block-button__link has-small-font-size has-custom-font-size wp-element-button\" href=\"https:\/\/www.helloasso.com\/associations\/association-societe-st-vincent-d-assieu\/evenements\/seance-degustation-cote-de-beaune-blanc-cote-de-nuits-rouge\" style=\"padding-top:var(--wp--preset--spacing--10);padding-right:var(--wp--preset--spacing--10);padding-bottom:var(--wp--preset--spacing--10);padding-left:var(--wp--preset--spacing--10)\">HELLOASSO<\/a><\/div>\n<\/div>\n<\/div>\n<\/div>\n<\/div>\n\n\n\n<div class=\"wp-block-group alignfull has-base-2-background-color has-background has-global-padding is-layout-constrained wp-container-core-group-is-layout-af3670d6 wp-block-group-is-layout-constrained\" style=\"margin-top:0;margin-bottom:0;padding-top:var(--wp--preset--spacing--60);padding-right:var(--wp--preset--spacing--60);padding-bottom:var(--wp--preset--spacing--60);padding-left:var(--wp--preset--spacing--60)\">\n<div class=\"wp-block-group alignwide is-layout-flow wp-block-group-is-layout-flow\">\n<p class=\"has-text-align-center has-heading-font-family has-x-large-font-size wp-block-paragraph\" style=\"font-style:normal;font-weight:400;line-height:1.2\"><strong>Prix de chaque Atelier :<\/strong><\/p>\n\n\n\n<p class=\"has-large-font-size wp-block-paragraph\">&#8211; 22 euros pour membre actif<\/p>\n\n\n\n<p class=\"has-large-font-size wp-block-paragraph\">&#8211; 25 euros pour membre sympathisant<\/p>\n\n\n\n<p class=\"has-text-align-center has-heading-font-family has-large-font-size wp-block-paragraph\" style=\"font-style:normal;font-weight:400;line-height:1.2\">selon places disponibles <\/p>\n\n\n\n<p class=\"has-text-align-center has-heading-font-family has-large-font-size wp-block-paragraph\" style=\"font-style:normal;font-weight:400;line-height:1.2\">(joindre G\u00e9rard Marthouret : 07 81 75 87 97)<\/p>\n\n\n\n<div style=\"height:86px\" aria-hidden=\"true\" class=\"wp-block-spacer\"><\/div>\n<\/div>\n<\/div>\n\n\n\n<p class=\"wp-block-paragraph\">Pour les non adh\u00e9rents prendre une carte d&#8217;adh\u00e9rent en cliquant sur &#8220;je m&#8217;inscris&#8221; ou aupr\u00e8s de notre tr\u00e9sori\u00e8re.<\/p>\n\n\n\n<div class=\"wp-block-buttons is-layout-flex wp-block-buttons-is-layout-flex\">\n<div class=\"wp-block-button\"><a class=\"wp-block-button__link wp-element-button\" href=\"https:\/\/www.helloasso.com\/associations\/association-societe-st-vincent-d-assieu\/adhesions\/adhesion-2024-2025\">JE M&#8217;INSCRIS<\/a><\/div>\n<\/div>\n\n\n\n<p class=\"wp-block-paragraph\"><\/p>\n","protected":false},"excerpt":{"rendered":"<p>TH\u00c8MES ABORD\u00c9S Vous choisissez le th\u00e8me qui vous plait ! Vous vous inscrivez sur : Prix de chaque Atelier : &#8211; 22 euros pour membre actif &#8211; 25 euros pour membre sympathisant selon places disponibles (joindre G\u00e9rard Marthouret : 07 81 75 87 97) Pour les non adh\u00e9rents prendre une carte d&#8217;adh\u00e9rent en cliquant sur [&hellip;]<\/p>\n","protected":false},"author":1,"featured_media":0,"parent":0,"menu_order":0,"comment_status":"closed","ping_status":"closed","template":"","meta":{"_crdt_document":"","footnotes":""},"class_list":["post-41","page","type-page","status-publish","hentry"],"_links":{"self":[{"href":"https:\/\/stvincent-assieu.fr\/index.php?rest_route=\/wp\/v2\/pages\/41","targetHints":{"allow":["GET"]}}],"collection":[{"href":"https:\/\/stvincent-assieu.fr\/index.php?rest_route=\/wp\/v2\/pages"}],"about":[{"href":"https:\/\/stvincent-assieu.fr\/index.php?rest_route=\/wp\/v2\/types\/page"}],"author":[{"embeddable":true,"href":"https:\/\/stvincent-assieu.fr\/index.php?rest_route=\/wp\/v2\/users\/1"}],"replies":[{"embeddable":true,"href":"https:\/\/stvincent-assieu.fr\/index.php?rest_route=%2Fwp%2Fv2%2Fcomments&post=41"}],"version-history":[{"count":16,"href":"https:\/\/stvincent-assieu.fr\/index.php?rest_route=\/wp\/v2\/pages\/41\/revisions"}],"predecessor-version":[{"id":498,"href":"https:\/\/stvincent-assieu.fr\/index.php?rest_route=\/wp\/v2\/pages\/41\/revisions\/498"}],"wp:attachment":[{"href":"https:\/\/stvincent-assieu.fr\/index.php?rest_route=%2Fwp%2Fv2%2Fmedia&parent=41"}],"curies":[{"name":"wp","href":"https:\/\/api.w.org\/{rel}","templated":true}]}}